4. Calculate the greatest common divisor of u and 560.
80
Let c(p) = 175*p - 3051. Let y be c(21). Calculate the highest common divisor of 7696 and y.
208
Suppose 51*c - 10968 = 1017. What is the greatest common divisor of c and 1739?
47
Suppose 13*o + 6*o = -13*o + 132800. What is the greatest common divisor of o and 100?
50
Suppose -162*b + 3694 + 569 = -1893. Suppose -4*q + 3*c + 310 = 0, 12 - 2 = -5*c. Calculate the greatest common factor of q and b.
38
Let o = 37 - -15. Suppose -5*t = -2*a + 6, -5*a - 3*t = -5*t - 57. Calculate the highest common factor of a and o.
13
Let u be (1 + -74)*19/(-7) - (-23)/(-161). Calculate the highest common factor of u and 418.
22
Suppose 2*k + 20 = -3*o - 2*o, -k + 2*o + 8 = 0. Let h be (4 - k)*((-100)/(-8) - -3). What is the highest common factor of 31 and h?
31
Let q(i) = -i**3 - i**2 + i + 105. Let a be q(0). Let s(t) = -t**3 + 5*t**2 - 6*t + 51. Let f be s(5). Calculate the highest common factor of f and a.
21
Suppose 5*s = 6*v - 289 + 2509, -3*s - 4*v + 1408 = 0. Let f(p) = p**3 + 9*p**2 - 10*p + 12. Let a be f(-10). What is the greatest common factor of s and a?
12
Let z(t) = -t**3 + 4*t**2 - 2. Let d be (1/(-2))/((-6)/(34 - -2)). Let o be z(d). What is the highest common divisor of 7 and o?
7
Let g(j) = j**2 - 12*j - 42. Let s be g(15). Suppose -5*a = 2*x - 150, -69 = -10*a + 7*a + s*x. Calculate the highest common divisor of 308 and a.
28
Let j be ((-85)/10 + 9)/((-1)/(-330)). Let b = 138 + -108. Calculate the greatest common factor of b and j.
15
Let i(g) = -2*g**2 + 76*g + 9. Let o(l) = -l**2 + 38*l + 4. Let t(j) = 3*i(j) - 5*o(j). Let s be t(23). Calculate the greatest common factor of s and 11.
11
Suppose 4*w = 5*w + 8. Let f be 376/56 + w/(-28). Calculate the greatest common factor of f and 84.
7
Let q = 41153 + -33892. Calculate the highest common factor of q and 106.
53
Suppose -1881 = -262*m + 53*m. Let f = -200 - -299. What is the greatest common divisor of m and f?
9
Suppose -116 = -18*m + 19*m. Let f be 1472/18 + -3 + m/(-36). Calculate the highest common factor of f and 41.
41
Suppose -247*j + 62192 = -63*j. What is the highest common factor of 234 and j?
26
Let l(x) = -10*x - 369. Let y be l(-39). Let w = 81 - 75. Calculate the greatest common factor of w and y.
3
Let u be (2 + 2)*(-5)/(-5). Suppose k - 51 = a - 0*a, u*k - 236 = -4*a. Let d = k - 47. Calculate the greatest common divisor of 88 and d.
8
Suppose -243*q + 180 = -239*q + 4*i, 153 = 4*q + i. Let l = -1192 + 1804. What is the greatest common factor of l and q?
36
Let r be (-118)/(-5) + 2/5. Suppose 2*z + 21795 = 21915. What is the greatest common factor of r and z?
12
Let z be ((-1323)/35)/(8/(-640)*4). Calculate the greatest common factor of z and 7.
7
Let w(q) = -62 + 38 + 19*q - 2*q**2 - 9. Let a be w(5). What is the greatest common divisor of a and 12?
12
Let o(z) = 22*z. Let v be o(1). Let l be -16*4/8*42/12. Let m be 87 + ((-14)/l)/(2/4). Calculate the greatest common factor of m and v.
22
Let f be 240/200*(-3915)/(-6). Calculate the greatest common divisor of f and 9.
9
Let a(z) = -105*z - 914. Let v be a(-45). Calculate the greatest common factor of v and 37.
37
Let b(w) = -5*w**3 - 30*w**2 - 86*w - 2. Let v be b(-3). What is the greatest common factor of v and 110?
11
Suppose 0*b - 12*b = -24. Let t be (-123)/(-2)*2/3 - b. Let n be 3 - (0 + 3) - -13. Calculate the greatest common divisor of n and t.
13
Suppose 40*g + 59785 = 147*g - 5592. Calculate the greatest common factor of g and 91.
13
Suppose -4*l - 2*q = -8376, 1328*q + 4 = 1330*q. Calculate the greatest common factor of 49 and l.
7
Let q(c) = 2*c**2 - 169*c + 1121. Let w be q(79). What is the highest common factor of w and 5124?
84
Let o(u) = -130293*u - 260578. Let d be o(-2). Let a be (3 + -1 + 2)/1. Let l be (-42)/(-5) - a/10. What is the highest common divisor of d and l?
8
Let s = 3207 + -2390. Calculate the highest common factor of s and 247.
19
Suppose -17*z + 47 + 21 = 0. Suppose -5*w - z*o = -2585, 0*w - 5*o - 1514 = -3*w. What is the highest common factor of 54 and w?
27
Suppose 252 = 4*t + 284, -258 = -v + 3*t. Calculate the highest common factor of 3198 and v.
78
Let y(t) = 11*t - 59. Let b be y(6). Suppose -b*v = -163 - 432. What is the greatest common divisor of 68 and v?
17
Suppose -55 = x - 12*x. Suppose 4*z - 2*z = 8, -x*z = -2*c + 172. Calculate the greatest common divisor of c and 48.
48
Let i be (-2 - 27/(-14))*-4 - 23870/(-1519). What is the highest common factor of 2564 and i?
4
Let c = 2512 + -2089. Calculate the highest common divisor of c and 36.
9
Let v be ((-75)/3)/(2/(-2)). Let j(w) = 9*w**2 + 57*w + 19. Let g be j(-6). Calculate the greatest common factor of v and g.
1
Suppose 1085 = 5*u - 5*s, -u + 66*s + 256 = 78*s. What is the greatest common factor of 5555 and u?
55
Let t be (42/(-10))/(4 + 201/(-50)). Let w = 327 - t. Calculate the highest common divisor of 27 and w.
9
Let d be (-1 - -4593 - 13) + 8. What is the highest common divisor of d and 973?
139
Let d be (-4170)/(-450) + 8/(-30). Let c be 8/(-2)*6/(-4). Calculate the highest common divisor of c and d.
3
Let l(h) = -2*h**3 - 6*h**2 - 15*h - 144. Let t be l(-6). Calculate the greatest common factor of 66 and t.
6
Let q = 17994 + -16248. Calculate the greatest common divisor of q and 36.
18
Let z(s) = -s**3 + 10*s**2 - 24*s - 2. Let y be z(4). Let c be (-72)/90*y*25. Calculate the greatest common factor of 100 and c.
20
Suppose -2*u - 2*u + 7*u = 0. Suppose m + m - 38 = u. Let f = -6 + m. Calculate the greatest common divisor of 39 and f.
13
Let n be 4 - (-2 - -2)/(-6 + 5). Let h(k) = k**3 - 4*k**2 + 3*k + 9. Let v be h(n). What is the highest common factor of v and 168?
21
Suppose 2*a = 3*a + 4. Let i be ((-88)/8)/(a - -3). Let d = 116 + -83. What is the greatest common factor of i and d?
11
Suppose -520 = -9*m + 22*m. Let p be (-1)/(-2)*32/m*-35. What is the highest common factor of p and 63?
7
Suppose 0 = -46*u + 7783 - 4067 + 9256. Calculate the highest common factor of 517 and u.
47
Let o(j) = -j**2 - 287*j + 54. Let l be o(0). Calculate the greatest common factor of l and 2322.
54
Let t be 3*114/9*13. Suppose -28*n = -30*n + t. Let z(l) = -l**3 + 5*l**2 + 9*l + 3. Let f be z(-2). Calculate the highest common factor of f and n.
13
Suppose -19*x = -2532 - 2940. Calculate the greatest common factor of x and 64.
32
Let t = 9 - 0. Suppose t*f - 8*f = 6. Suppose -2*k + 5 + f = 3*b, -5*b + 25 = 4*k. What is the highest common factor of k and 4?
2
Let l be (-264)/9*(-2)/(4/6). Let m = 140 + l. What is the highest common divisor of 12 and m?
12
Let a be 42/(-105) + (-284)/(-10). Let u be 2158/7 + 14/(-49). Let y = u - 196. Calculate the greatest common divisor of y and a.
28
Suppose -4*y = k + 10, 3*y + 1 = 2*k - 12. Let m be (-248)/(-8) + -2*y/6. What is the highest common divisor of 48 and m?
16
Suppose 0 = -4*l - 21 + 597. Suppose 23*y - 7417 = 29199. Let s = 1608 - y. What is the highest common divisor of s and l?
16
Suppose 1650 - 302 = 5*d + g, 3*g = -4*d + 1074. What is the greatest common factor of d and 3060?
90
Let c = -1 + 6. Suppose 87*g + 10*g = 194. What is the highest common factor of c and g?
1
Suppose -7*n = k - 11*n - 252, 16*n - 812 = -3*k. Calculate the highest common factor of 832 and k.
52
Let f = -185 - -189. Suppose -4*v - f*c + 64 = 0, 4*v - 64 = 2*c - 4*c. Calculate the highest common factor of v and 56.
8
Let g(k) = 143*k - 60. Let f be g(-15). Let h = -17 + 29. Let l be f/(-20) - 3/h. Calculate the highest common divisor of 44 and l.
22
Let l(z) = -61*z - 609. Let c be l(-10). Let v(a) = a**2 - 9*a + 10. Let f be v(8). What is the greatest common divisor of f and c?
1
Let z be (75/10 + -1)/((-2)/(-580)). What is the greatest common factor of 325 and z?
65
Suppose -5876 = 9*z - 6560. What is the highest common factor of 556 and z?
4
Let k(l) = -4*l - 9. Let u be k(-3). Let a be (-5 - -3)*(u - 68). Calculate the highest common divisor of a and 10.
10
Let g(k) = 21*k + 95. Let r be g(-16). Let z = -223 - r. What is the greatest common divisor of 36 and z?
18
Suppose -2*s - s = -9. Let o(i) = -i**2 - 5*i + 89. Let q be o(7). Suppose -2*x = -q*a + 167, 3*a - 97 = -x - x. What is the highest common divisor of s and a?
3
Let u(r) = r**2 - 55*r + 58